nits digit of z(n)?
3
Suppose 3*n - 120 = -n. Let o(s) = s - 4. Let q be o(6). Suppose 0*a + 2*a + n = q*f, -f + 4*a = 0. What is the units digit of f?
0
Suppose 5*r - 6 - 1 = -3*p, 4 = -4*p. Suppose r*k = k - 5*u + 126, -3*u + 12 = 0. What is the units digit of k?
6
Let q = 3242 - 1931. What is the thousands digit of q?
1
Let t = -42 + 44. Suppose 5*m - 3*r = 450, t*r = m - 2*r - 73. What is the tens digit of m?
9
Let q(m) = -767*m - 93. What is the tens digit of q(-2)?
4
Suppose -4*s + 3*a - 20 = 0, -5*s + 2 = -3*a + 27. Let q(m) = -m**3 - 5*m**2 + m - 5. Let z be q(s). What is the tens digit of (128/(-20))/(2/z)?
3
Let t be (2/(-4))/(5/(-30)). Suppose -3*k + k = -4*y - 18, 2*k + y = t. What is the units digit of 47/k + 8/6?
7
Suppose -8*f = -634 + 106. Suppose 0 = -g + f - 2. What is the units digit of g?
4
Suppose -19 = -3*t + 2. Let s be t/(-35) + 146/5. What is the tens digit of 1*s + 9 + -8?
3
Let f = -13 + 15. Suppose 4*o + 6 = 3*u, -o = -5*u + f - 9. Let b(s) = -3*s**3 - 2*s**2 + 3*s + 3. What is the units digit of b(u)?
3
Let l = -992 + 1561. What is the units digit of l?
9
Let g = 772 + -506. What is the units digit of g?
6
Let g = -91 + 337. What is the hundreds digit of g?
2
Let l be 0 + 2 + 14/(-7). Suppose l = k + 25 + 11. What is the units digit of (-3)/(k/(-8))*-3?
2
Suppose -6*i + 780 - 252 = 0. What is the units digit of i?
8
Let d = -3 - -3. Suppose -2*k + 201 + 14 = 3*n, 2*n + k - 143 = d. What is the units digit of n?
1
Suppose -24*f = -31*f + 3864. What is the hundreds digit of f?
5
Let q = 14200 + -9206. What is the thousands digit of q?
4
Let u be (-6)/14 + 59/7. Suppose -4*s - 356 = -u*s. What is the tens digit of s?
8
What is the units digit of -89 + 101 - (1 - -3)?
8
Let j(r) = -10*r + 209. Let w be j(0). Let l = -114 + w. What is the units digit of l?
5
Suppose 2*k - 33*k = -3937. What is the hundreds digit of k?
1
Suppose 0 = 4*t + 84 + 292. Let y = t - -284. What is the hundreds digit of y?
1
What is the tens digit of -8 + -974*(-6)/4?
5
Suppose -u = 4*c - 137, 0*c + 3*c = 3. What is the units digit of u?
3
Suppose -195 = -g + 100. What is the units digit of g?
5
Let i be 1*(-3)/(-3)*3. Suppose 4*y = -3*p, 3 = i*p + 3*y - 0. Suppose 2*k - p = 50. What is the units digit of k?
7
Let x = -4 + 7. Let y(w) = 3*w**2 - 3*w + 5. What is the tens digit of y(x)?
2
Suppose 114*m - 96*m = 10026. What is the tens digit of m?
5
Let r(c) = c**2 - 2*c + 640. Let l be r(0). Suppose 5*p - 530 = l. What is the tens digit of p?
3
Suppose q = -2*q + 3*n - 267, -2*n - 438 = 5*q. What is the units digit of (q/5)/(13/(-65))?
8
Let x = 1055 + -592. What is the units digit of x?
3
Let r(p) = 4*p**3 - 31*p**2 + 19*p - 41. What is the thousands digit of r(10)?
1
Let f(z) = 2*z - 6. Let s = 1 - -6. Let u be f(s). Suppose -7*i + u*i - 19 = 0. What is the tens digit of i?
1
Suppose -9 = 3*q - 36. What is the units digit of (3/q)/((-1)/(-48))?
6
Suppose -o - 5*a + 280 = 0, 10*o - 6*o - 1103 = -3*a. What is the tens digit of o?
7
Suppose -4*d + 2 = -3*d. Let n(v) = -7*v**2 + 0 - v + 12*v**2 + 1. What is the units digit of n(d)?
9
Let a be (20/(-6))/(-4*(-2)/(-12)). Suppose 7*y - 2*y + 25 = 0, -a*z + 2*y = -860. What is the hundreds digit of z?
1
Let r = -41 - -81. Let s = r + -23. What is the tens digit of s?
1
Suppose -n - 4 = -c - 2*n, n = 2. Suppose 3*k = d - 40, k = 5*k - c*d + 56. What is the units digit of (-4)/k + (-8)/(-3)?
3
Suppose 3*t = 15, 4*i + 113 - 1223 = 2*t. What is the hundreds digit of i?
2
Suppose -6*q + 92 = -118. Let z = 39 - q. What is the units digit of z?
4
Let n(i) = -i**3 + 9*i**2 - 7*i - 4. Let d be n(7). Suppose -3*x + 3*a = -171, x - 2*x + 5*a = -d. What is the units digit of x?
0
Let u = -302 - -647. What is the units digit of u?
5
Let x(s) = 2*s**2. Let n be x(-1). Let p(z) = 0*z**2 + 19 + n*z**2 - z - z**2. What is the tens digit of p(0)?
1
Let w = -12 - -18. Let t(l) = -l**3 + 7*l**2 - 3*l + 3. Let u be t(w). What is the units digit of (-14)/u + (-14)/(-3)?
4
Let i(l) = 2*l**3 - 12*l**2 + 12*l - 9. What is the hundreds digit of i(8)?
3
Suppose -20 = -5*p + 15. Suppose -p*a + 75 + 191 = 0. What is the tens digit of a?
3
Suppose 5*v + 12 - 27 = 0. Suppose -2*i = v*j - 100, -5*j + 2*i = -112 - 60. What is the units digit of j?
4
Let f be (2/(-8)*2)/(8/96). Let x = f - -131. What is the tens digit of x?
2
Let b(l) = -30*l + 4. Let y be (0 + 3)*(-266)/21. Let h be y/(-57)*(-6)/4. What is the units digit of b(h)?
4
Let y = -751 + 2915. What is the tens digit of y?
6
Let r(l) = 10*l - 1. Let w be r(3). Suppose -m = 4*g + 20, 5*g - m + 22 = -3*m. Let v = g + w. What is the tens digit of v?
2
Let s(y) = -33*y**3 + y**2 + 2*y - 2. Let g be s(2). Let l = -135 - g. What is the units digit of l?
3
Let n = -12 + 16. Suppose 5*b = -5*o + 520, 2*o = -0*b - n*b + 218. Suppose -41 = -5*y + o. What is the tens digit of y?
2
Let n(c) = 2*c**3 + 42*c**2 - 42*c + 20. What is the tens digit of n(-20)?
6
Suppose -4*j = -33 + 13. Let c be 16/40 - (-123)/j. Suppose -3*g - c = -4*l - 0*g, -4*l - 4*g = -4. What is the units digit of l?
4
What is the hundreds digit of (1 - (-15)/(-9))*(-3735)/10?
2
Let w = -5764 - -9862. What is the thousands digit of w?
4
Suppose -525 - 947 = -y. What is the units digit of y?
2
Let v = -3534 + 5492. What is the hundreds digit of v?
9
Suppose 0 = -k - 61*k + 71610. What is the hundreds digit of k?
1
Let t(g) = -3*g**2 + g - 5. Let o(h) = -5*h**2 + 2*h - 8. Let b(j) = -5*o(j) + 8*t(j). Let k be b(-6). What is the tens digit of -1*(k - -4)/(-4)?
1
What is the units digit of 9375/(-175)*(-7 + 0)?
5
Suppose 43*a - 26271 = 19309. What is the units digit of a?
0
Let j(b) = -b**2 + 5*b - 14. Let o be j(4). What is the tens digit of 22/(-55) - 2114/o?
1
Let q be 2/(-1) + 2 - -5. Suppose -i + 5 = -2*m, 0 = -q*m - 0*m + 25. What is the tens digit of i?
1
Suppose -5 = 2*c - c. Let i(u) = 4*u**2 - 11*u - 3. Let w(k) = 7*k**2 - 21*k - 6. Let v(r) = c*i(r) + 3*w(r). What is the units digit of v(10)?
7
Let q be (-17 + 19)*(-3)/(-2). Suppose -l - 3*l - 176 = -q*c, 5*l = 2*c - 129. What is the tens digit of c?
5
Suppose 4*x - 2*t - 2834 = 0, 0 = -5*t + 23 - 8. What is the tens digit of x?
1
Let m = 118 - 43. Let o = m + 12. What is the units digit of o?
7
Suppose -3*k + 175 = 2*k. Suppose j = -4*j + k. Suppose -d + 2*d = j. What is the units digit of d?
7
Let i(q) = 2*q**2 + 49*q - 18. What is the units digit of i(10)?
2
What is the units digit of (-1*17)/((-1)/63)?
1
Suppose -2*k + 18 = k. Suppose -9*x + k = -6*x. Suppose 3*n - 73 = -2*y - 17, 3*y = x*n + 58. What is the units digit of y?
2
Let p = 845 - -198. What is the hundreds digit of p?
0
Let z = 3 - -1. Suppose -z = a - 6. Suppose a*b - 1 = 25. What is the tens digit of b?
1
Let x(o) = -o**3 + 4*o**2 - 3*o - 1. Let g = 10 + -7. Let m be x(g). What is the units digit of m/(-1)*18/3?
6
Let w = -32 - 2. What is the hundreds digit of (-5436)/w + 4/102*3?
1
What is the tens digit of ((-7)/(-5))/(6/1470)?
4
Let v(f) = 3*f**3 - 5*f**2 - 10*f + 10. What is the units digit of v(6)?
8
Suppose 2*r = -r - 27. Let d(h) be the first derivative of -h**2/2 - 26. What is the units digit of d(r)?
9
What is the thousands digit of 1668 - (7 + 2 + 0)?
1
Suppose -s = -2*m - 17, -5*m + 42 - 8 = 2*s. Let q = -14 + s. Suppose q*r - 30 = 90. What is the tens digit of r?
4
Let s = -160 + 586. What is the hundreds digit of s?
4
Suppose 7*j = -95 + 109. Let o = -37 + 314. Suppose -5*w = -h - o, j*h + 114 = 5*w - 3*w. What is the units digit of w?
5
Suppose 4*z + 8 = 0, 0 = -5*c - 4*z - z + 120. Let t = 14 - c. Let p = -3 - t. What is the units digit of p?
9
Let t(x) = 3*x**3 - 2*x**2 - 3. Let j be t(2). Let m = 25 - j. What is the tens digit of m?
1
Suppose -5*t = 5*g + 115, 0 = -5*t - g + 6*g - 75. Let h = t - -57. What is the tens digit of h?
3
Let y(q) = -q**3 - 5*q**2 - 2*q + 6. Let v be y(-5). Suppose -v*s - 3 = -17*s. What is the tens digit of 37/s - 5/15?
1
Suppose 7*u - 6*u = 196. Suppose -u = -7*k + 5*k. Suppose -k = -2*c + 10. What is the units digit of c?
4
Let l(r) = r**3 + 4*r**2 + 3*r + 3. Let a be l(-2). Suppose 2*h = -5*k + 233, a*k = 2*h + 139 + 78. What is the tens digit of k?
4
Suppose -3*b - 4*l = -12, 4*b + 8*l - 3*l - 15 = 0. Let k(x) = -x**3 + x**2 - 3*x + 121. What